t of 19087022?
8
What is the tens digit of 1408826?
2
What is the millions digit of 15143244?
5
What is the hundred thousands digit of 849192?
8
What is the millions digit of 1946904?
1
What is the ten thousands digit of 400909?
0
What is the tens digit of 40530?
3
What is the millions digit of 9322602?
9
What is the units digit of 693818?
8
What is the millions digit of 13752439?
3
What is the thousands digit of 569568?
9
What is the ten thousands digit of 1447150?
4
What is the thousands digit of 251312?
1
What is the thousands digit of 61166?
1
What is the tens digit of 13644755?
5
What is the hundred thousands digit of 866771?
8
What is the ten thousands digit of 9109819?
0
What is the units digit of 3703516?
6
What is the hundreds digit of 405680?
6
What is the ten thousands digit of 1286043?
8
What is the thousands digit of 343476?
3
What is the thousands digit of 380831?
0
What is the hundreds digit of 98624?
6
What is the units digit of 73258?
8
What is the millions digit of 1249932?
1
What is the ten thousands digit of 253211?
5
What is the tens digit of 174501?
0
What is the units digit of 1378967?
7
What is the tens digit of 1389911?
1
What is the tens digit of 106680?
8
What is the hundred thousands digit of 189299?
1
What is the hundred thousands digit of 3634253?
6
What is the tens digit of 10744474?
7
What is the ten thousands digit of 13634688?
3
What is the ten thousands digit of 110249?
1
What is the hundreds digit of 273824?
8
What is the thousands digit of 42762?
2
What is the hundred thousands digit of 179238?
1
What is the hundred thousands digit of 14724188?
7
What is the millions digit of 25219051?
5
What is the units digit of 21357?
7
What is the hundred thousands digit of 512101?
5
What is the tens digit of 1828186?
8
What is the millions digit of 4864737?
4
What is the hundreds digit of 217634?
6
What is the thousands digit of 1230265?
0
What is the tens digit of 793360?
6
What is the hundreds digit of 88462?
4
What is the hundred thousands digit of 935069?
9
What is the millions digit of 2197238?
2
What is the ten thousands digit of 9672905?
7
What is the hundreds digit of 8634057?
0
What is the ten thousands digit of 6282091?
8
What is the units digit of 156055?
5
What is the millions digit of 2492068?
2
What is the hundreds digit of 2527643?
6
What is the units digit of 8880033?
3
What is the hundred thousands digit of 1464276?
4
What is the millions digit of 3308253?
3
What is the ten thousands digit of 4705534?
0
What is the hundreds digit of 263689?
6
What is the tens digit of 313119?
1
What is the thousands digit of 22096112?
6
What is the ten thousands digit of 2995954?
9
What is the units digit of 348198?
8
What is the hundred thousands digit of 3268076?
2
What is the hundreds digit of 99442?
4
What is the ten thousands digit of 365636?
6
What is the ten thousands digit of 86843?
8
What is the units digit of 6956123?
3
What is the thousands digit of 27682?
7
What is the hundred thousands digit of 771727?
7
What is the thousands digit of 2768532?
8
What is the hundreds digit of 6698356?
3
What is the ten thousands digit of 859750?
5
What is the hundreds digit of 25940765?
7
What is the tens digit of 219011?
1
What is the tens digit of 91849?
4
What is the units digit of 520533?
3
What is the tens digit of 441811?
1
What is the ten thousands digit of 758664?
5
What is the units digit of 109180?
0
What is the units digit of 2676771?
1
What is the units digit of 83073?
3
What is the ten thousands digit of 47496?
4
What is the ten thousands digit of 365010?
6
What is the tens digit of 18588679?
7
What is the units digit of 89920?
0
What is the hundred thousands digit of 5934844?
9
What is the hundreds digit of 8561587?
5
What is the hundred thousands digit of 7274684?
2
What is the units digit of 4018439?
9
What is the ten thousands digit of 302656?
0
What is the units digit of 3446269?
9
What is the millions digit of 7291477?
7
What is the hundred thousands digit of 579005?
5
What is the ten thousands digit of 22056?
2
What is the hundred thousands digit of 236773?
2
What is the hundreds digit of 6917878?
8
What is the hundred thousands digit of 12072779?
0
What is the thousands digit of 23011272?
1
What is the thousands digit of 238618?
8
What is the tens digit of 7509757?
5
What is the hundred thousands digit of 218366?
2
What is the units digit of 3741404?
4
What is the hundred thousands digit of 738803?
7
What is the units digit of 553826?
6
What is the hundred thousands digit of 391730?
3
What is the units digit of 858191?
1
What is the thousands digit of 799890?
9
What is the millions digit of 42700946?
2
What is the tens digit of 308356?
5
What is the tens digit of 6498134?
3
What is the thousands digit of 247056?
7
What is the thousands digit of 6638531?
8
What is the units digit of 771196?
6
What is the millions digit of 25981835?
5
What is the tens digit of 760833?
3
What is the ten thousands digit of 2482474?
8
What is the ten thousands digit of 277523?
7
What is the millions digit of 20975331?
0
What is the hundreds digit of 1542144?
1
What is the hundreds digit of 492722?
7
What is the units digit of 97868?
8
What is the hundreds digit of 292957?
9
What is the millions digit of 23179164?
3
What is the ten thousands digit of 394354?
9
What is the units digit of 273845?
5
What is the units digit of 5359165?
5
What is the hundred thousands digit of 1421179?
4
What is the tens digit of 8710252?
5
What is the ten thousands digit of 566816?
6
What is the thousands digit of 3454616?
4
What is the millions digit of 12434640?
2
What is the ten thousands digit of 7512308?
1
What is the tens digit of 142837?
3
What is the millions digit of 5697805?
5
What is the hundreds digit of 232255?
2
What is the ten thousands digit of 209233?
0
What is the thousands digit of 3458017?
8
What is the tens digit of 82560?
6
What is the hundreds digit of 18660778?
7
What is the hundreds digit of 373717?
7
What is the hundreds digit of 513?
5
What is the ten thousands digit of 14285442?
8
What is the tens digit of 1319252?
5
What is the hundred thousands digit of 1631220?
6
What is the units digit of 213837?
7
What is the thousands digit of 32333?
2
What is the hundreds digit of 2234311?
3
What is the hundred thousands digit of 4072756?
0
What is the units digit of 966127?
7
What is the units digit of 1291053?
3
What is the tens digit of 398424?
2
What is the tens digit of 291755?
5
What is the units digit of 28434625?
5
What is the units digit of 143993?
3
What is the thousands digit of 51161?
1
What is the tens digit of 12879598?
9
What is the hundreds digit of 257960?
9
What is the hundreds digit of 3003791?
7
What is the tens digit of 283809?
0
What is the thousands digit of 1665321?
5
What is the hundred thousands digit of 335073?
3
What is the tens digit of 14770700?
0
What is the ten thousands digit of 304532?
0
What is the hundreds digit of 498505?
5
What is the tens digit of 31272035?
3
What is the hundreds digit of 1569944?
9
What is the hundred thousands digit of 2797983?
7
What is the hundreds digit of 2063489?
4
What is the thousands digit of 228565?
8
What is the tens digit of 468439?
3
What is the thousands digit of 6499488?
9
What is the ten thousands digit of 354170?
5
What is the units digit of 3162840?
0
What is the ten thousands digit of 1285072?
8
What is the units digit of 1068397?
7
What is the thousands digit of 174650?
4
What is the hundreds digit of 6338054?
0
What is the tens digit of 333680?
8
What is the hundred thousands digit of 206963?
2
What is the hundred thousands digit of 7094687?
0
What is the tens digit of 4192573?
7
What is the ten thousands digit of 535815?
3
What is the units digit of 380543?
3
What is the hundred thousands digit of 512849?
5
What is the hundred thousands digit of 494263?
4
What is the thousands digit of 7807340?
7
What is the millions digit of 3488290?
3
What is the hundred thousands digit of 4177575?
1
What is the units digit of 11005677?
7
What is the ten thousands digit of 320648?
2
What is the thousands digit of 297118?
7
What is the millions digit of 12776353?
2
What is the hundreds digit of 95533?
5
What is the units digit of 12453265?
5
What is the tens dig